q(15).
-6
Let m(c) be the first derivative of -1/2*c**2 + 9 + 2*c. Calculate m(7).
-5
Suppose -8 + 18 = 5*n. Let o(q) be the second derivative of 1/6*q**3 + q**2 + n*q + 0. What is o(6)?
8
Let j(y) = y**2 + 4*y - 13. Let t = -331 + 325. Calculate j(t).
-1
Let o(u) = -u - 2. Let t(v) be the second derivative of -v**3/3 + 3*v**2 - 2*v. Let j be t(2). Determine o(j).
-4
Let z(k) = -k**3 + 3*k**2 + 4*k - 4. Let g be z(4). Suppose -3*j = -2 - 4. Let f(c) = 4*c - c**3 + 0*c - 3*c**j + 0*c. Calculate f(g).
0
Let x(h) be the third derivative of -h**5/30 - h**4/4 - 3*h**3/2 - 6*h**2 - 6*h. Determine x(-3).
-9
Let v be -5*(2 - (-16)/(-10)). Let w(o) be the first derivative of -o**2/2 - 2*o + 7. Determine w(v).
0
Let k(d) be the first derivative of -1/24*d**4 - 5 + 1/15*d**5 - 2/3*d**3 + 0*d**2 + 0*d. Let t(l) be the third derivative of k(l). Give t(1).
7
Let o(u) be the second derivative of 2/3*u**3 + 1/3*u**4 - 3/2*u**2 - 2*u + 0. Let i(y) = -5*y**2 - 4*y + 2. Let x(b) = -3*i(b) - 4*o(b). Calculate x(-6).
-6
Let p(f) = -f**3 + 18*f**2 + 4*f - 43. Suppose 77 = 4*s - r, 2*r - 7*r = s + 7. Give p(s).
29
Suppose -3*r - i + 18 = 4*i, -3*r = 3*i - 18. Let q(a) = -9*a + 4*a + r*a - 2. Give q(6).
4
Let z(w) = -w**3 - 5*w**2 + 8*w + 3. Let x(g) = g - 10. Let s be 2/6*(-1 - -13). Let q be x(s). Determine z(q).
-9
Let h(c) = -c**2 + 7*c - 3. Let u(d) = 1. Let m(b) = h(b) - 3*u(b). Let p(a) = a**3 + 4*a**2 - 2*a - 1. Let t be p(-4). Let g = 12 - t. What is m(g)?
4
Let o(s) be the second derivative of -2*s**2 - 1/12*s**4 + 0 - 2/3*s**3 + 3*s. Suppose 11*p - 4 = 12*p. Calculate o(p).
-4
Let r(h) = -363*h - 364*h + 1096*h - 370*h - 6. Suppose -4*m + o = -5*m - 5, -4*m - 3*o = 22. Determine r(m).
1
Let a(v) = 4*v**3 + 6*v**2 + 5. Let p(u) = -u**3 + u. Let z(f) = a(f) + 5*p(f). Let b be (9 + -8)/(2/14). Give z(b).
-9
Let y(p) be the second derivative of p**5/20 - p**4/6 - p**3 + p**2/2 + 78*p + 1. Give y(4).
9
Let w be 1540/1484 + (-2)/53. Let b(q) = -3*q**2. Calculate b(w).
-3
Let d(r) = -13*r - 32. Let h be d(-5). Let m(j) = 16*j**2 + 7*j**2 + 2*j + 4 + 9*j**2 - h*j**2. Let y be (12/8)/(3/8). Calculate m(y).
-4
Let o(j) = 3*j**3 - 11*j**2 + 3*j - 69. Let c(n) = -n**3 + 4*n**2 - n + 24. Let x(m) = -11*c(m) - 4*o(m). Calculate x(0).
12
Suppose 9*i - 6*i = 9. Let h(v) = -8*v + 4. What is h(i)?
-20
Suppose u - 20 = -5*b, 3*b - 5 = -4*u + 24. Suppose 4*v = 20, 2*v - u*v + 10 = -p. Let d(f) = f**3 - 5*f**2 + 2*f - 7. Calculate d(p).
3
Let q = -52 - -115. Let o = -58 + q. Let m(v) = 15*v + 1. Let j(l) = -8*l - 1. Let a(f) = -11*j(f) - 6*m(f). Give a(o).
-5
Let d(g) = -5*g**3 + 8*g**2 + 7*g + 2. Let o = 79 - 85. Let r(n) = n**3. Let l(h) = o*r(h) - d(h). Let t be 27/(-4) - (-1)/(-4). Give l(t).
-2
Suppose 5*q - 5*p = -20, 7*p = -5*q + 2*p - 30. Let u(j) be the first derivative of -17 + 1/4*j**4 + 3*j + 5/3*j**3 + 1/2*j**2. Determine u(q).
-2
Let d(w) = 10*w - 8. Let c(q) = 3*q - 3. Let s be ((-2)/(-3))/((-10)/30). Let u(n) = s*d(n) + 7*c(n). Suppose 4 = a - 0. Give u(a).
-1
Let k(a) = a**2 - a - 3. Let q(y) = 16*y - 131. Let n be q(8). Calculate k(n).
9
Let d(h) be the first derivative of -28*h**3/3 - h - 474. Let u(k) = k**3 + 10*k**2 - 1. Let j be u(-10). Determine d(j).
-29
Let s(f) = 58*f**2 - 13 - 124*f**2 + 67*f**2 - 9*f. What is s(10)?
-3
Let x = 25 + -20. Let o(z) = -z**2 + 0 - x + 2*z**2 + 4 - z. Calculate o(-2).
5
Let o(w) be the second derivative of w**4/12 + 7*w**3/6 + w**2 - 12*w. Let n be o(-7). Let i(q) = -q**2 - q - 1. Calculate i(n).
-7
Let x be (3 - (276/21)/4) + (-1232)/(-196). Let d(n) = -3*n**2 + 35*n - 29. Let y(q) = q**2 - 12*q + 10. Let b(o) = 6*d(o) + 17*y(o). Give b(x).
-4
Suppose 0 = 171*y - 162*y + 9. Let l(p) = 4*p + 7. Let o(z) = 3*z + 6. Let q(i) = 5*l(i) - 6*o(i). Determine q(y).
-3
Let n(x) = -x. Suppose -2*z - 39 = -0*z + u, 0 = -5*z + u - 101. Let q be 2/(z/(-70)*(-7)/(-5)). Calculate n(q).
-5
Let f = 426 + -429. Let t(r) = -2*r + 2*r + 2*r. Give t(f).
-6
Let r(o) = 3*o**2 - o - 9. Let n(t) = 5*t**2 - 9 + 7*t**2 - 3*t**2 - 5*t**2. Let b(k) = -4*n(k) + 5*r(k). Calculate b(-6).
-15
Suppose -s - 4 = 4*u - 20, 2*s - 11 = -u. Let d(v) = v**3 - 5*v**2 + 3*v + 6. Give d(s).
2
Let n(c) = 3*c**3 + 20*c**2 + 28*c + 16. Let f(g) = 2*g**3 + 13*g**2 + 18*g + 11. Let b(s) = 8*f(s) - 5*n(s). What is b(-4)?
-8
Let h(c) be the first derivative of -c**3/3 - c**2/2 + 2*c + 120. Give h(2).
-4
Let l(g) = 2 + g - 7*g - 3*g. Suppose -63*o + 54*o = -18. Calculate l(o).
-16
Let a(d) be the third derivative of d**8/6720 + d**7/2520 - d**6/720 - d**5/12 - 26*d**2. Let r(x) be the third derivative of a(x). Determine r(-2).
7
Let h(z) = -z**2 - 6*z - 6. Let k be h(-2). Let b(l) = -4 + 2*l + 8 + 0*l**k + 2*l**2 - 7*l. Give b(4).
16
Let l be 252/(-42) + (-1 - -1). Let x(g) = -g**2 + 2*g + 1. Let s be x(2). Let o(h) = h + 0*h - s - h**2 - 6*h. What is o(l)?
-7
Suppose 5*s - v = 14, -5*s + 5*v - v = -11. Let w(h) = -7*h + 5 + 0*h**3 + 5*h**3 + 0*h + 5*h**2 - 6*h**s. Give w(4).
-7
Let z be 392/(-72) - (-8)/18. Let s(r) = 4*r + 10. Determine s(z).
-10
Let r(a) be the third derivative of 1/6*a**3 + 0 + 5/24*a**4 - 2*a**2 + 1/360*a**6 + 1/30*a**5 + 0*a. Let q(j) be the first derivative of r(j). Calculate q(-4).
5
Let x be 599/(-240)*2 - (-2 - 3). Let m(k) be the third derivative of 1/10*k**5 + 0*k - x*k**6 + 1/2*k**3 - 5*k**2 + 0 - 1/24*k**4. Determine m(6).
-3
Let u be (-3 + (-14)/(-6))*(-1 - -4). Let p(c) = -c**2 - 3*c - 3. What is p(u)?
-1
Suppose 21 = 3*z + r, 15*z + r + 28 = 19*z. Let y(a) = a**3 - 7*a**2 + 3*a - 1. What is y(z)?
20
Let b(q) be the first derivative of -q**3/6 - 5*q**2/2 - 9*q + 1. Let u(v) be the first derivative of b(v). Suppose 0 = -0*f + 2*f - 8. What is u(f)?
-9
Let k(j) = 5*j**3 + j**3 + 8*j**2 - 5*j**3 - 2 - 2*j**3 + 17*j + 5*j. Determine k(10).
18
Let w(v) = -9*v - 131. Let s be w(-15). Let x(z) = z**3 - z**2 - 4*z - 4. Give x(s).
28
Let y(d) = 14*d - 19. Let x(i) = -57*i + 87. Let r(z) = 2*x(z) + 9*y(z). Calculate r(5).
63
Let o(k) = k + 19. Let m(p) = 2*p + 37. Let f(v) = -3*m(v) + 5*o(v). Determine f(0).
-16
Let s(c) = -638*c - 2 + 207*c + 215*c + 6*c**2 + 213*c. What is s(-1)?
7
Let o(w) = -w**3 - 9*w**2 - 8*w + 29. Let l be o(-7). Let k(r) = r**3 + 14*r**2 + 12*r - 8. Determine k(l).
5
Let s be 5 + (3 + -2)*-1. Suppose 0*p - 27 = 3*p. Let v be p/(-6)*s/(-3). Let d(k) = -k**3 - 3*k**2. Determine d(v).
-4
Let u be (0/5)/((0 - 3) + 1). Let g(p) = -p**2 + 5*p + 2. Let l be g(4). Let w(i) = -8 + i**3 - 4*i**2 - i**2 + i + l*i**2. Give w(u).
-8
Let d(c) = -1 - 3*c - 5*c + 4*c. Suppose -3*a = -5*z - 20, 2*z + 17 = a + 2*a. Suppose a*p + 6*p = -55. Determine d(p).
19
Let u be ((-6)/(-5))/(3/(-15)). Suppose f = 5*f - 56. Let v(h) = -f*h - 6*h**2 - h**2 + 9*h - h**3 + 8. Calculate v(u).
2
Let z(g) = -2*g**2 - g - 1. Let h be 14/(-8) + 12/16. Let l be ((12/4 - 2)/h)/1. Give z(l).
-2
Let r(x) be the first derivative of x**3/3 - 3*x**2 + 10*x - 608. Determine r(7).
17
Let i be (-27)/(-81)*2/4. Let f(a) be the second derivative of 0 - 1/2*a**2 + i*a**3 - 3*a. Calculate f(7).
6
Let g(h) be the first derivative of -1/2*h**2 + 5*h - 20. Calculate g(0).
5
Let i(b) be the first derivative of 2*b**3/3 - 3*b**2/2 - 3*b - 26. Give i(4).
17
Let g(r) be the second derivative of -r**3/6 - r**2 + 4*r - 4. Suppose 4*n + 10 = -6. Determine g(n).
2
Suppose -2*o + 4 = -4*o. Let i(q) be the first derivative of -q**3/3 + q**2/2 + q - 129. Determine i(o).
-5
Let z(u) = 2*u + 10. Let h be z(-8). Let a(w) be the third derivative of -1/60*w**5 + 0 + 1/6*w**3 - 1/4*w**4 + 0*w - 3*w**2. Calculate a(h).
1
Let f(q) = q - 1. Let i(j) = j**3 - 5*j**2 - 2*j + 6. Let u(t) = f(t) - i(t). Calculate u(6).
-25
Suppose -1 + 4 = -3*o. Let i be 14/(-4 - 2/o). Let b(f) = f**3 + 7*f**2 - 3*f - 5. Give b(i).
16
Let x(f) = f**2 - f - 3. Let t(i) = i + 12. Let l be t(-8). Let d be (5 + -1)/(l/10). Let k be 0/1*5/d. Give x(k).
-3
Let s(x) = 2*x + 19. Let k be s(-8). Let f(n) = -5*n**k - 6*n**2 + 4*n**3 + 10*n**2 + 6*n - 2. Calculate f(5).
3
Let n(f) = -2*f**3 + 5*f**2 - f - 2. Let u be (-33)/(-77) - (-36)/14. Give n(u).
-14
Let u(b) be the first derivative of b**5/20 + b**4/3 + b**3/3 + b**2 - 16*b - 27. Let p(q) be the first derivative of u(q). Let d be (2 - 0)*3/(-2). Give p(d).
5
Suppose -2*